{"id":1755,"date":"2025-06-04T12:33:17","date_gmt":"2025-06-04T10:33:17","guid":{"rendered":"https:\/\/moszczanica.stronazen.pl\/?page_id=1755"},"modified":"2025-07-02T13:53:03","modified_gmt":"2025-07-02T11:53:03","slug":"kwalifikacyjny-kurs-zawodowy-pszczelarz","status":"publish","type":"page","link":"https:\/\/moszczanica.stronazen.pl\/index.php\/kwalifikacyjny-kurs-zawodowy-pszczelarz\/","title":{"rendered":"Kwalifikacyjny kurs zawodowy &#8211; pszczelarz"},"content":{"rendered":"\t\t<div data-elementor-type=\"wp-page\" data-elementor-id=\"1755\" class=\"elementor elementor-1755\">\n\t\t\t\t<div class=\"elementor-element elementor-element-637c081 e-flex e-con-boxed e-con e-parent\" data-id=\"637c081\" data-element_type=\"container\">\n\t\t\t\t\t<div class=\"e-con-inner\">\n\t\t\t\t<div class=\"elementor-element elementor-element-78dffe4 elementor-widget elementor-widget-heading\" data-id=\"78dffe4\" data-element_type=\"widget\" data-widget_type=\"heading.default\">\n\t\t\t\t<div class=\"elementor-widget-container\">\n\t\t\t\t\t<h1 class=\"elementor-heading-title elementor-size-default\">Kwalifikacyjny kurs zawodowy - pszczelarz<\/h1>\t\t\t\t<\/div>\n\t\t\t\t<\/div>\n\t\t\t\t\t<\/div>\n\t\t\t\t<\/div>\n\t\t<div class=\"elementor-element elementor-element-5c2f9a3 e-flex e-con-boxed e-con e-parent\" data-id=\"5c2f9a3\" data-element_type=\"container\">\n\t\t\t\t\t<div class=\"e-con-inner\">\n\t\t\t\t<div class=\"elementor-element elementor-element-5e63989 elementor-widget__width-initial elementor-widget elementor-widget-text-editor\" data-id=\"5e63989\" data-element_type=\"widget\" data-widget_type=\"text-editor.default\">\n\t\t\t\t<div class=\"elementor-widget-container\">\n\t\t\t\t\t\t\t\t\t<p>Co roku og\u0142aszamy nab\u00f3r na kwalifikacyjny kurs zawodowy w zawodzie pszczelarz &#8211; kwalifikacja: ROL 03 Prowadzenie produkcji pszczelarskiej, kt\u00f3ry cieszy si\u0119 du\u017cym zainteresowaniem. <br \/>Kurs uprawnia do nabycia kwalifikacji pszczelarz, nadaj\u0105cych absolwentowi uprawnienia rolnicze, zgodne z wymogami Ministerstwa Rolnictwa oraz ARiMR. <br \/><br \/>Kwalifikacyjny kurs zawodowy <br \/>zaw\u00f3d &#8211; pszczelarz <br \/>kwalifikacja: ROL 03 Prowadzenie produkcji pszczelarskiej.<\/p>\t\t\t\t\t\t\t\t<\/div>\n\t\t\t\t<\/div>\n\t\t\t\t\t<\/div>\n\t\t\t\t<\/div>\n\t\t<div class=\"elementor-element elementor-element-a1ff0b6 e-flex e-con-boxed e-con e-parent\" data-id=\"a1ff0b6\" data-element_type=\"container\">\n\t\t\t\t\t<div class=\"e-con-inner\">\n\t\t\t\t<div class=\"elementor-element elementor-element-64a70a1 elementor-widget elementor-widget-heading\" data-id=\"64a70a1\" data-element_type=\"widget\" data-widget_type=\"heading.default\">\n\t\t\t\t<div class=\"elementor-widget-container\">\n\t\t\t\t\t<h2 class=\"elementor-heading-title elementor-size-default\">O nas<\/h2>\t\t\t\t<\/div>\n\t\t\t\t<\/div>\n\t\t\t\t<div class=\"elementor-element elementor-element-aa9db20 elementor-widget__width-initial elementor-widget elementor-widget-text-editor\" data-id=\"aa9db20\" data-element_type=\"widget\" data-widget_type=\"text-editor.default\">\n\t\t\t\t<div class=\"elementor-widget-container\">\n\t\t\t\t\t\t\t\t\t<ul><li>dzia\u0142alno\u015b\u0107 gospodarcza w rolnictwie<\/li>\n<li>przepisy ruchu drogowego<\/li>\n<li>j\u0119zyk obcy w pszczelarstwie<\/li>\n<li>produkcja rolnicza<\/li>\n<li>ch\u00f3w i hodowla pszcz\u00f3\u0142<\/li>\n<li>gospodarka pasieczna<\/li>\n<li>technologia produkt\u00f3w pszczelich<\/li>\n<li>po\u017cytki pszczele<\/li><ul>\t\t\t\t\t\t\t\t<\/div>\n\t\t\t\t<\/div>\n\t\t\t\t<div class=\"elementor-element elementor-element-d6d5520 elementor-widget elementor-widget-heading\" data-id=\"d6d5520\" data-element_type=\"widget\" data-widget_type=\"heading.default\">\n\t\t\t\t<div class=\"elementor-widget-container\">\n\t\t\t\t\t<h2 class=\"elementor-heading-title elementor-size-default\">O nas<\/h2>\t\t\t\t<\/div>\n\t\t\t\t<\/div>\n\t\t\t\t<div class=\"elementor-element elementor-element-68dc47b elementor-widget__width-initial elementor-widget elementor-widget-text-editor\" data-id=\"68dc47b\" data-element_type=\"widget\" data-widget_type=\"text-editor.default\">\n\t\t\t\t<div class=\"elementor-widget-container\">\n\t\t\t\t\t\t\t\t\t<ul>\n \t<li>prowadzenie produkcji pasiecznej<\/li>\n \t<li>prowadzenie produkcji rolniczej<\/li>\n \t<li>technika w rolnictwie<\/li>\n \t<li>nauka jazdy ci\u0105gnikiem rolniczym 21 godzin na s\u0142uchacza<\/li>\n \t\n<\/ul>\t\t\t\t\t\t\t\t<\/div>\n\t\t\t\t<\/div>\n\t\t\t\t<div class=\"elementor-element elementor-element-51ad96b elementor-widget elementor-widget-heading\" data-id=\"51ad96b\" data-element_type=\"widget\" data-widget_type=\"heading.default\">\n\t\t\t\t<div class=\"elementor-widget-container\">\n\t\t\t\t\t<h2 class=\"elementor-heading-title elementor-size-default\">Kontakt:<\/h2>\t\t\t\t<\/div>\n\t\t\t\t<\/div>\n\t\t\t\t<div class=\"elementor-element elementor-element-cd6b0ad elementor-widget__width-initial elementor-widget elementor-widget-text-editor\" data-id=\"cd6b0ad\" data-element_type=\"widget\" data-widget_type=\"text-editor.default\">\n\t\t\t\t<div class=\"elementor-widget-container\">\n\t\t\t\t\t\t\t\t\t<p>Kierownik warsztat\u00f3w i szkolenia praktycznego &#8211; Adam Walatek <span style=\"text-decoration: underline;\">awalatek@moszczanica.pl<\/span><br \/>Janina \u015acieszka &#8211; <span style=\"text-decoration: underline;\">jscieszka1@moszczanica.pl<\/span><\/p>\t\t\t\t\t\t\t\t<\/div>\n\t\t\t\t<\/div>\n\t\t\t\t<div class=\"elementor-element elementor-element-af7ddc5 elementor-widget elementor-widget-heading\" data-id=\"af7ddc5\" data-element_type=\"widget\" data-widget_type=\"heading.default\">\n\t\t\t\t<div class=\"elementor-widget-container\">\n\t\t\t\t\t<h2 class=\"elementor-heading-title elementor-size-default\">Galeria<\/h2>\t\t\t\t<\/div>\n\t\t\t\t<\/div>\n\t\t\t\t\t<\/div>\n\t\t\t\t<\/div>\n\t\t<div class=\"elementor-element elementor-element-e0835c8 e-flex e-con-boxed e-con e-parent\" data-id=\"e0835c8\" data-element_type=\"container\">\n\t\t\t\t\t<div class=\"e-con-inner\">\n\t\t\t\t<div class=\"elementor-element elementor-element-dba26d5 elementor-widget elementor-widget-gallery\" data-id=\"dba26d5\" data-element_type=\"widget\" data-widget_type=\"gallery.default\">\n\t\t\t\t<div class=\"elementor-widget-container\">\n\t\t\t\t\t \t\t\t\t<\/div>\n\t\t\t\t<\/div>\n\t\t\t\t\t<\/div>\n\t\t\t\t<\/div>\n\t\t\t\t<\/div>\n\t\t","protected":false},"excerpt":{"rendered":"<p>Kwalifikacyjny kurs zawodowy &#8211; pszczelarz Co roku og\u0142aszamy nab\u00f3r na kwalifikacyjny kurs zawodowy w zawodzie pszczelarz &#8211; kwalifikacja: ROL 03 Prowadzenie produkcji pszczelarskiej, kt\u00f3ry cieszy si\u0119 du\u017cym zainteresowaniem. Kurs uprawnia do nabycia kwalifikacji pszczelarz, nadaj\u0105cych absolwentowi uprawnienia rolnicze, zgodne z wymogami Ministerstwa Rolnictwa oraz ARiMR. Kwalifikacyjny kurs zawodowy zaw\u00f3d &#8211; pszczelarz kwalifikacja: ROL 03 Prowadzenie [&hellip;]<\/p>\n","protected":false},"author":1,"featured_media":0,"parent":0,"menu_order":0,"comment_status":"closed","ping_status":"closed","template":"","meta":{"footnotes":""},"class_list":["post-1755","page","type-page","status-publish","hentry"],"_links":{"self":[{"href":"https:\/\/moszczanica.stronazen.pl\/index.php\/wp-json\/wp\/v2\/pages\/1755","targetHints":{"allow":["GET"]}}],"collection":[{"href":"https:\/\/moszczanica.stronazen.pl\/index.php\/wp-json\/wp\/v2\/pages"}],"about":[{"href":"https:\/\/moszczanica.stronazen.pl\/index.php\/wp-json\/wp\/v2\/types\/page"}],"author":[{"embeddable":true,"href":"https:\/\/moszczanica.stronazen.pl\/index.php\/wp-json\/wp\/v2\/users\/1"}],"replies":[{"embeddable":true,"href":"https:\/\/moszczanica.stronazen.pl\/index.php\/wp-json\/wp\/v2\/comments?post=1755"}],"version-history":[{"count":19,"href":"https:\/\/moszczanica.stronazen.pl\/index.php\/wp-json\/wp\/v2\/pages\/1755\/revisions"}],"predecessor-version":[{"id":4443,"href":"https:\/\/moszczanica.stronazen.pl\/index.php\/wp-json\/wp\/v2\/pages\/1755\/revisions\/4443"}],"wp:attachment":[{"href":"https:\/\/moszczanica.stronazen.pl\/index.php\/wp-json\/wp\/v2\/media?parent=1755"}],"curies":[{"name":"wp","href":"https:\/\/api.w.org\/{rel}","templated":true}]}}

<div data-elementor-type="wp-page" data-elementor-id="1755" class="elementor elementor-1755">
				<div class="elementor-element elementor-element-637c081 e-flex e-con-boxed e-con e-parent" data-id="637c081" data-element_type="container">
					<div class="e-con-inner">
				<div class="elementor-element elementor-element-78dffe4 elementor-widget elementor-widget-heading" data-id="78dffe4" data-element_type="widget" data-widget_type="heading.default">
				<div class="elementor-widget-container">
					<h1 class="elementor-heading-title elementor-size-default">Kwalifikacyjny kurs zawodowy - pszczelarz</h1>				</div>
				</div>
					</div>
				</div>
		<div class="elementor-element elementor-element-5c2f9a3 e-flex e-con-boxed e-con e-parent" data-id="5c2f9a3" data-element_type="container">
					<div class="e-con-inner">
				<div class="elementor-element elementor-element-5e63989 elementor-widget__width-initial elementor-widget elementor-widget-text-editor" data-id="5e63989" data-element_type="widget" data-widget_type="text-editor.default">
				<div class="elementor-widget-container">
									<p>Co roku ogłaszamy nabór na kwalifikacyjny kurs zawodowy w zawodzie pszczelarz &#8211; kwalifikacja: ROL 03 Prowadzenie produkcji pszczelarskiej, który cieszy się dużym zainteresowaniem. <br />Kurs uprawnia do nabycia kwalifikacji pszczelarz, nadających absolwentowi uprawnienia rolnicze, zgodne z wymogami Ministerstwa Rolnictwa oraz ARiMR. <br /><br />Kwalifikacyjny kurs zawodowy <br />zawód &#8211; pszczelarz <br />kwalifikacja: ROL 03 Prowadzenie produkcji pszczelarskiej.</p>								</div>
				</div>
					</div>
				</div>
		<div class="elementor-element elementor-element-a1ff0b6 e-flex e-con-boxed e-con e-parent" data-id="a1ff0b6" data-element_type="container">
					<div class="e-con-inner">
				<div class="elementor-element elementor-element-64a70a1 elementor-widget elementor-widget-heading" data-id="64a70a1" data-element_type="widget" data-widget_type="heading.default">
				<div class="elementor-widget-container">
					<h2 class="elementor-heading-title elementor-size-default">O nas</h2>				</div>
				</div>
				<div class="elementor-element elementor-element-aa9db20 elementor-widget__width-initial elementor-widget elementor-widget-text-editor" data-id="aa9db20" data-element_type="widget" data-widget_type="text-editor.default">
				<div class="elementor-widget-container">
									<ul><li>działalność gospodarcza w rolnictwie</li>
<li>przepisy ruchu drogowego</li>
<li>język obcy w pszczelarstwie</li>
<li>produkcja rolnicza</li>
<li>chów i hodowla pszczół</li>
<li>gospodarka pasieczna</li>
<li>technologia produktów pszczelich</li>
<li>pożytki pszczele</li><ul>								</div>
				</div>
				<div class="elementor-element elementor-element-d6d5520 elementor-widget elementor-widget-heading" data-id="d6d5520" data-element_type="widget" data-widget_type="heading.default">
				<div class="elementor-widget-container">
					<h2 class="elementor-heading-title elementor-size-default">O nas</h2>				</div>
				</div>
				<div class="elementor-element elementor-element-68dc47b elementor-widget__width-initial elementor-widget elementor-widget-text-editor" data-id="68dc47b" data-element_type="widget" data-widget_type="text-editor.default">
				<div class="elementor-widget-container">
									<ul>
 	<li>prowadzenie produkcji pasiecznej</li>
 	<li>prowadzenie produkcji rolniczej</li>
 	<li>technika w rolnictwie</li>
 	<li>nauka jazdy ciągnikiem rolniczym 21 godzin na słuchacza</li>
 	
</ul>								</div>
				</div>
				<div class="elementor-element elementor-element-51ad96b elementor-widget elementor-widget-heading" data-id="51ad96b" data-element_type="widget" data-widget_type="heading.default">
				<div class="elementor-widget-container">
					<h2 class="elementor-heading-title elementor-size-default">Kontakt:</h2>				</div>
				</div>
				<div class="elementor-element elementor-element-cd6b0ad elementor-widget__width-initial elementor-widget elementor-widget-text-editor" data-id="cd6b0ad" data-element_type="widget" data-widget_type="text-editor.default">
				<div class="elementor-widget-container">
									<p>Kierownik warsztatów i szkolenia praktycznego &#8211; Adam Walatek <span style="text-decoration: underline;">awalatek@moszczanica.pl</span><br />Janina Ścieszka &#8211; <span style="text-decoration: underline;">jscieszka1@moszczanica.pl</span></p>								</div>
				</div>
				<div class="elementor-element elementor-element-af7ddc5 elementor-widget elementor-widget-heading" data-id="af7ddc5" data-element_type="widget" data-widget_type="heading.default">
				<div class="elementor-widget-container">
					<h2 class="elementor-heading-title elementor-size-default">Galeria</h2>				</div>
				</div>
					</div>
				</div>
		<div class="elementor-element elementor-element-e0835c8 e-flex e-con-boxed e-con e-parent" data-id="e0835c8" data-element_type="container">
					<div class="e-con-inner">
				<div class="elementor-element elementor-element-dba26d5 elementor-widget elementor-widget-gallery" data-id="dba26d5" data-element_type="widget" data-widget_type="gallery.default">
				<div class="elementor-widget-container">
					 				</div>
				</div>
					</div>
				</div>
				</div>

<p>Kwalifikacyjny kurs zawodowy &#8211; pszczelarz Co roku ogłaszamy nabór na kwalifikacyjny kurs zawodowy w zawodzie pszczelarz &#8211; kwalifikacja: ROL 03 Prowadzenie produkcji pszczelarskiej, który cieszy się dużym zainteresowaniem. Kurs uprawnia do nabycia kwalifikacji pszczelarz, nadających absolwentowi uprawnienia rolnicze, zgodne z wymogami Ministerstwa Rolnictwa oraz ARiMR. Kwalifikacyjny kurs zawodowy zawód &#8211; pszczelarz kwalifikacja: ROL 03 Prowadzenie [&hellip;]</p>
