{"id":2927,"date":"2025-06-20T15:01:04","date_gmt":"2025-06-20T13:01:04","guid":{"rendered":"https:\/\/moszczanica.stronazen.pl\/?page_id=2927"},"modified":"2025-06-20T15:05:15","modified_gmt":"2025-06-20T13:05:15","slug":"technik-hodowca-koni","status":"publish","type":"page","link":"https:\/\/moszczanica.stronazen.pl\/index.php\/technik-hodowca-koni\/","title":{"rendered":"Technik hodowca koni"},"content":{"rendered":"\t\t<div data-elementor-type=\"wp-page\" data-elementor-id=\"2927\" class=\"elementor elementor-2927\">\n\t\t\t\t<div class=\"elementor-element elementor-element-ebaef0b e-flex e-con-boxed e-con e-parent\" data-id=\"ebaef0b\" data-element_type=\"container\">\n\t\t\t\t\t<div class=\"e-con-inner\">\n\t\t\t\t<div class=\"elementor-element elementor-element-d65fbe6 elementor-widget elementor-widget-heading\" data-id=\"d65fbe6\" data-element_type=\"widget\" data-widget_type=\"heading.default\">\n\t\t\t\t<div class=\"elementor-widget-container\">\n\t\t\t\t\t<h2 class=\"elementor-heading-title elementor-size-default\">Technik hodowca koni<\/h2>\t\t\t\t<\/div>\n\t\t\t\t<\/div>\n\t\t\t\t\t<\/div>\n\t\t\t\t<\/div>\n\t\t<div class=\"elementor-element elementor-element-befb9ec e-flex e-con-boxed e-con e-parent\" data-id=\"befb9ec\" data-element_type=\"container\">\n\t\t\t\t\t<div class=\"e-con-inner\">\n\t\t\t\t<div class=\"elementor-element elementor-element-9f19c2e elementor-widget__width-initial elementor-widget elementor-widget-text-editor\" data-id=\"9f19c2e\" data-element_type=\"widget\" data-widget_type=\"text-editor.default\">\n\t\t\t\t<div class=\"elementor-widget-container\">\n\t\t\t\t\t\t\t\t\t<p>Technikum Hodowli Koni jest jedyn\u0105 w regionie szko\u0142\u0105 kszta\u0142c\u0105ca w tym kierunku. Daje kwalifikacje <br \/>do pracy w o\u015brodkach je\u017adzieckich, stadninach oraz prowadzenia w\u0142asnego o\u015brodka je\u017adzieckiego. <br \/>Uczniowie nabywaj\u0105 wiedz\u0119 z organizacji prowadzenia chowu i hodowli koni oraz zasad u\u017cytkowania <br \/>wierzchowego i zaprz\u0119gowego. W\u0142asna stadnina koni, nowoczesny parkur, uje\u017cd\u017calnia oraz bogata <br \/>dzia\u0142alno\u015b\u0107 Szkolonego Klubu Je\u017adzieckiego Kasztanka pozwala perfekcyjnie przygotowa\u0107 m\u0142odzie\u017c do <br \/>tego zawodu. Szko\u0142a organizuje zawody konne w skokach przez przeszkody oraz dodatkowe kursy w <br \/>ramach mo\u017cliwo\u015bci projektowych dla mi\u0142o\u015bnik\u00f3w jazdy konnej. <br \/><br \/>W szkole odbywaj\u0105 si\u0119 wszystkie egzaminy zawodowe. <br \/>We wszystkich oddzia\u0142ach technikum j\u0119zykiem obcym wiod\u0105cym jest j\u0119zyk angielski. <br \/>Uczniowie maj\u0105 mo\u017cliwo\u015b\u0107 wyboru drugiego nowo\u017cytnego j\u0119zyka obcego spo\u015br\u00f3d nast\u0119puj\u0105cych: <br \/>niemiecki, hiszpa\u0144ski. Warunkiem utworzenia grupy j\u0119zykowej jest wybranie danego j\u0119zyka obcego <br \/>przez minimum 15 os\u00f3b w grupie mi\u0119dzyoddzia\u0142owej. <br \/><br \/>Zapewniamy miejsca praktyk dla wszystkich uczni\u00f3w. Szko\u0142a ma uprawnienia egzaminacyjne we <br \/>wszystkich nauczanych zawodach. <br \/>Wszystkie zaj\u0119cia praktyczne odbywaj\u0105 si\u0119 w szkole we w\u0142asnych warsztatach szkolnych i <br \/>pracowniach.<\/p>\t\t\t\t\t\t\t\t<\/div>\n\t\t\t\t<\/div>\n\t\t\t\t\t<\/div>\n\t\t\t\t<\/div>\n\t\t<div class=\"elementor-element elementor-element-d3b5fe3 e-flex e-con-boxed e-con e-parent\" data-id=\"d3b5fe3\" data-element_type=\"container\">\n\t\t\t\t\t<div class=\"e-con-inner\">\n\t\t\t\t<div class=\"elementor-element elementor-element-faf67d9 elementor-widget elementor-widget-heading\" data-id=\"faf67d9\" data-element_type=\"widget\" data-widget_type=\"heading.default\">\n\t\t\t\t<div class=\"elementor-widget-container\">\n\t\t\t\t\t<h2 class=\"elementor-heading-title elementor-size-default\">W Technikum Hodowli koni:<\/h2>\t\t\t\t<\/div>\n\t\t\t\t<\/div>\n\t\t\t\t<div class=\"elementor-element elementor-element-4a093e7 elementor-widget__width-initial elementor-widget elementor-widget-text-editor\" data-id=\"4a093e7\" data-element_type=\"widget\" data-widget_type=\"text-editor.default\">\n\t\t\t\t<div class=\"elementor-widget-container\">\n\t\t\t\t\t\t\t\t\t<ul><li>nauczysz si\u0119 podstaw jazdy konnej oraz podstawowych zabieg\u00f3w piel\u0119gnacyjnych;\n<li>zdob\u0119dziesz wiedz\u0119, kt\u00f3ra pozwoli Ci na prowadzenie w\u0142asnego o\u015brodka je\u017adzieckiego lub prac\u0119 w stadninie koni;\n<li>swoje umiej\u0119tno\u015bci je\u017adzieckie pog\u0142\u0119bisz pod okiem instruktor\u00f3w, wst\u0119puj\u0105c do klubu je\u017adzieckiego \u201cKasztanka\u201d, dzia\u0142aj\u0105cego przy naszej szkole.\t\t\t\t\t\t\t\t<\/div>\n\t\t\t\t<\/div>\n\t\t\t\t<div class=\"elementor-element elementor-element-6e2ae1b elementor-widget elementor-widget-heading\" data-id=\"6e2ae1b\" data-element_type=\"widget\" data-widget_type=\"heading.default\">\n\t\t\t\t<div class=\"elementor-widget-container\">\n\t\t\t\t\t<h2 class=\"elementor-heading-title elementor-size-default\">Przedmioty rozszerzone:<\/h2>\t\t\t\t<\/div>\n\t\t\t\t<\/div>\n\t\t\t\t<div class=\"elementor-element elementor-element-6a997cf elementor-widget__width-initial elementor-widget elementor-widget-text-editor\" data-id=\"6a997cf\" data-element_type=\"widget\" data-widget_type=\"text-editor.default\">\n\t\t\t\t<div class=\"elementor-widget-container\">\n\t\t\t\t\t\t\t\t\t<p>Matematyka lub geografia, biologia<\/p>\t\t\t\t\t\t\t\t<\/div>\n\t\t\t\t<\/div>\n\t\t\t\t\t<\/div>\n\t\t\t\t<\/div>\n\t\t<div class=\"elementor-element elementor-element-6ef1a21 e-flex e-con-boxed e-con e-parent\" data-id=\"6ef1a21\" data-element_type=\"container\">\n\t\t\t\t\t<div class=\"e-con-inner\">\n\t\t\t\t<div class=\"elementor-element elementor-element-a0bff43 elementor-widget elementor-widget-heading\" data-id=\"a0bff43\" data-element_type=\"widget\" data-widget_type=\"heading.default\">\n\t\t\t\t<div class=\"elementor-widget-container\">\n\t\t\t\t\t<h2 class=\"elementor-heading-title elementor-size-default\">Galeria<\/h2>\t\t\t\t<\/div>\n\t\t\t\t<\/div>\n\t\t\t\t\t<\/div>\n\t\t\t\t<\/div>\n\t\t<div class=\"elementor-element elementor-element-34a7e7d e-flex e-con-boxed e-con e-parent\" data-id=\"34a7e7d\" data-element_type=\"container\">\n\t\t\t\t\t<div class=\"e-con-inner\">\n\t\t\t\t<div class=\"elementor-element elementor-element-6364825 elementor-widget elementor-widget-gallery\" data-id=\"6364825\" data-element_type=\"widget\" data-widget_type=\"gallery.default\">\n\t\t\t\t<div class=\"elementor-widget-container\">\n\t\t\t\t\t \t\t\t\t<\/div>\n\t\t\t\t<\/div>\n\t\t\t\t\t<\/div>\n\t\t\t\t<\/div>\n\t\t\t\t<\/div>\n\t\t","protected":false},"excerpt":{"rendered":"<p>Technik hodowca koni Technikum Hodowli Koni jest jedyn\u0105 w regionie szko\u0142\u0105 kszta\u0142c\u0105ca w tym kierunku. Daje kwalifikacje do pracy w o\u015brodkach je\u017adzieckich, stadninach oraz prowadzenia w\u0142asnego o\u015brodka je\u017adzieckiego. Uczniowie nabywaj\u0105 wiedz\u0119 z organizacji prowadzenia chowu i hodowli koni oraz zasad u\u017cytkowania wierzchowego i zaprz\u0119gowego. W\u0142asna stadnina koni, nowoczesny parkur, uje\u017cd\u017calnia oraz bogata dzia\u0142alno\u015b\u0107 Szkolonego Klubu [&hellip;]<\/p>\n","protected":false},"author":1,"featured_media":0,"parent":0,"menu_order":0,"comment_status":"closed","ping_status":"closed","template":"","meta":{"footnotes":""},"class_list":["post-2927","page","type-page","status-publish","hentry"],"_links":{"self":[{"href":"https:\/\/moszczanica.stronazen.pl\/index.php\/wp-json\/wp\/v2\/pages\/2927","targetHints":{"allow":["GET"]}}],"collection":[{"href":"https:\/\/moszczanica.stronazen.pl\/index.php\/wp-json\/wp\/v2\/pages"}],"about":[{"href":"https:\/\/moszczanica.stronazen.pl\/index.php\/wp-json\/wp\/v2\/types\/page"}],"author":[{"embeddable":true,"href":"https:\/\/moszczanica.stronazen.pl\/index.php\/wp-json\/wp\/v2\/users\/1"}],"replies":[{"embeddable":true,"href":"https:\/\/moszczanica.stronazen.pl\/index.php\/wp-json\/wp\/v2\/comments?post=2927"}],"version-history":[{"count":13,"href":"https:\/\/moszczanica.stronazen.pl\/index.php\/wp-json\/wp\/v2\/pages\/2927\/revisions"}],"predecessor-version":[{"id":2940,"href":"https:\/\/moszczanica.stronazen.pl\/index.php\/wp-json\/wp\/v2\/pages\/2927\/revisions\/2940"}],"wp:attachment":[{"href":"https:\/\/moszczanica.stronazen.pl\/index.php\/wp-json\/wp\/v2\/media?parent=2927"}],"curies":[{"name":"wp","href":"https:\/\/api.w.org\/{rel}","templated":true}]}}