{"id":2941,"date":"2025-06-20T15:05:33","date_gmt":"2025-06-20T13:05:33","guid":{"rendered":"https:\/\/moszczanica.stronazen.pl\/?page_id=2941"},"modified":"2025-06-30T16:30:59","modified_gmt":"2025-06-30T14:30:59","slug":"kucharz","status":"publish","type":"page","link":"https:\/\/moszczanica.stronazen.pl\/index.php\/kucharz\/","title":{"rendered":"Kucharz"},"content":{"rendered":"\t\t<div data-elementor-type=\"wp-page\" data-elementor-id=\"2941\" class=\"elementor elementor-2941\">\n\t\t\t\t<div class=\"elementor-element elementor-element-10a7d50 e-flex e-con-boxed e-con e-parent\" data-id=\"10a7d50\" data-element_type=\"container\">\n\t\t\t\t\t<div class=\"e-con-inner\">\n\t\t\t\t<div class=\"elementor-element elementor-element-c2f4565 elementor-widget elementor-widget-heading\" data-id=\"c2f4565\" data-element_type=\"widget\" data-widget_type=\"heading.default\">\n\t\t\t\t<div class=\"elementor-widget-container\">\n\t\t\t\t\t<h2 class=\"elementor-heading-title elementor-size-default\">Kucharz<\/h2>\t\t\t\t<\/div>\n\t\t\t\t<\/div>\n\t\t\t\t\t<\/div>\n\t\t\t\t<\/div>\n\t\t<div class=\"elementor-element elementor-element-56146ad e-flex e-con-boxed e-con e-parent\" data-id=\"56146ad\" data-element_type=\"container\">\n\t\t\t\t\t<div class=\"e-con-inner\">\n\t\t\t\t<div class=\"elementor-element elementor-element-153faad elementor-widget__width-initial elementor-widget elementor-widget-text-editor\" data-id=\"153faad\" data-element_type=\"widget\" data-widget_type=\"text-editor.default\">\n\t\t\t\t<div class=\"elementor-widget-container\">\n\t\t\t\t\t\t\t\t\t<p>Bran\u017cowa Szko\u0142a \u2013 Kucharz jest kierunkiem dla os\u00f3b chc\u0105cych zdoby\u0107 wiedz\u0119 teoretyczn\u0105 i praktyczn\u0105 z gotowania a tak\u017ce przygotowa\u0107 si\u0119 do pracy w zak\u0142adach gastronomicznych. Zaj\u0119cia praktyczne uczniowie odbywaj\u0105 w nowoczesnej pracowni gastronomicznej jak r\u00f3wnie\u017c sto\u0142\u00f3wce szkolnej. Szko\u0142a jest o\u015brodkiem egzaminacyjnym w tym zawodzie. W Bran\u017cowej Szkole I stopnia &#8211; kucharz nauczysz si\u0119 smacznie i zdrowo przyrz\u0105dza\u0107 potrawy w nowocze\u015bnie wyposa\u017conej pracowni.<br \/><br \/>Nauka trwa 3 lata i obejmuje kszta\u0142cenie og\u00f3lne oraz kszta\u0142cenia zawodowe. <br \/>Kwalifikacja: HGT.02. Przygotowanie i wydawanie da\u0144 <br \/><br \/>Absolwent kszta\u0142cenia w zawodzie kucharz powinien by\u0107 przygotowany do wykonywania nast\u0119puj\u0105cych zada\u0144 zawodowych: <br \/>\u00a01) przechowywania \u017cywno\u015bci; <br \/>2) sporz\u0105dzania potraw i napoj\u00f3w; <br \/>3) wykonywania czynno\u015bci zwi\u0105zanych z ekspedycj\u0105 potraw i napoj\u00f3w.<\/p>\t\t\t\t\t\t\t\t<\/div>\n\t\t\t\t<\/div>\n\t\t\t\t\t<\/div>\n\t\t\t\t<\/div>\n\t\t<div class=\"elementor-element elementor-element-34363c1 e-flex e-con-boxed e-con e-parent\" data-id=\"34363c1\" data-element_type=\"container\">\n\t\t\t\t\t<div class=\"e-con-inner\">\n\t\t\t\t<div class=\"elementor-element elementor-element-7cfb832 elementor-widget elementor-widget-heading\" data-id=\"7cfb832\" data-element_type=\"widget\" data-widget_type=\"heading.default\">\n\t\t\t\t<div class=\"elementor-widget-container\">\n\t\t\t\t\t<h2 class=\"elementor-heading-title elementor-size-default\">Mo\u017cliwo\u015bci zatrudnienia<\/h2>\t\t\t\t<\/div>\n\t\t\t\t<\/div>\n\t\t\t\t<div class=\"elementor-element elementor-element-c9b7625 elementor-widget__width-initial elementor-widget elementor-widget-text-editor\" data-id=\"c9b7625\" data-element_type=\"widget\" data-widget_type=\"text-editor.default\">\n\t\t\t\t<div class=\"elementor-widget-container\">\n\t\t\t\t\t\t\t\t\t<li>restauracje,\n<li>zak\u0142ady gastronomiczne,\n<li>bary szybkiej obs\u0142ugi,\n<li>pensjonaty, domy wczasowe,\n<li>restauracje na statkach i promach,\n szpitale, sanatoria, szko\u0142y, internaty, sto\u0142\u00f3wki prowadzone przez zak\u0142ady pracy,\n<li>w\u0142asna dzia\u0142alno\u015b\u0107 gospodarcza.\t\t\t\t\t\t\t\t<\/div>\n\t\t\t\t<\/div>\n\t\t\t\t\t<\/div>\n\t\t\t\t<\/div>\n\t\t<div class=\"elementor-element elementor-element-3bf69f2 e-flex e-con-boxed e-con e-parent\" data-id=\"3bf69f2\" data-element_type=\"container\">\n\t\t\t\t\t<div class=\"e-con-inner\">\n\t\t<div class=\"elementor-element elementor-element-cc2923a e-con-full e-flex e-con e-child\" data-id=\"cc2923a\" data-element_type=\"container\">\n\t\t\t\t<div class=\"elementor-element elementor-element-eabbc8a elementor-widget__width-initial elementor-widget elementor-widget-image\" data-id=\"eabbc8a\" data-element_type=\"widget\" data-widget_type=\"image.default\">\n\t\t\t\t<div class=\"elementor-widget-container\">\n\t\t\t\t\t\t\t\t\t\t\t\t\t\t\t<img decoding=\"async\" width=\"100\" height=\"100\" src=\"https:\/\/moszczanica.stronazen.pl\/wp-content\/uploads\/2025\/06\/2-2-1.png\" class=\"attachment-large size-large wp-image-2946\" alt=\"bran\u017cowe oddzia\u0142y wojskowe\" \/>\t\t\t\t\t\t\t\t\t\t\t\t\t\t\t<\/div>\n\t\t\t\t<\/div>\n\t\t\t\t<\/div>\n\t\t<div class=\"elementor-element elementor-element-c0ec566 e-con-full e-flex e-con e-child\" data-id=\"c0ec566\" data-element_type=\"container\">\n\t\t\t\t<div class=\"elementor-element elementor-element-bbb9c9a elementor-widget__width-initial elementor-widget elementor-widget-text-editor\" data-id=\"bbb9c9a\" data-element_type=\"widget\" data-widget_type=\"text-editor.default\">\n\t\t\t\t<div class=\"elementor-widget-container\">\n\t\t\t\t\t\t\t\t\t<p>DODATKOWE KWLAIFIKACJE W RAMACH BRAN\u017bOWYCH ODDZIA\u0141\u00d3W WOJSKOWYCH DLA NASZYCH UCZNI\u00d3W! <br \/>Minister Obrony Narodowej podj\u0105\u0142 decyzj\u0119 o uruchomieniu pilota\u017cowego projektu Bran\u017cowe <br \/>Oddzia\u0142y Wojskowe (BOW). Szef MON w\u0142\u0105czy\u0142 \u201ebran\u017c\u00f3wki\u201d do projekt\u00f3w edukacyjnych resortu. To <br \/>ju\u017c 4 projekt MON skierowany do szk\u00f3\u0142 ponadpodstawowych. BOW do\u0142\u0105czy do realizowanych ju\u017c od wielu lat Oddzia\u0142\u00f3w Przygotowania Wojskowego, Certyfikowanych Wojskowych Klas Mundurowych i \u201eCyber.Mil z klas\u0105\u201d. <br \/>Realizacja programu szkolenia w BOW stanowi uzupe\u0142nienie praktycznej nauki zawodu, <br \/>wynikaj\u0105cej z podstawy programowej dla danego kierunku kszta\u0142cenia zawodowego. Ju\u017c dzi\u015b <br \/>kucharze czy mechanicy po szko\u0142ach bran\u017cowych maj\u0105 ogromne szanse na podj\u0119cie s\u0142u\u017cby wojskowej w Si\u0142ach Zbrojnych RP.<\/p>\t\t\t\t\t\t\t\t<\/div>\n\t\t\t\t<\/div>\n\t\t\t\t<\/div>\n\t\t\t\t\t<\/div>\n\t\t\t\t<\/div>\n\t\t<div class=\"elementor-element elementor-element-31bc335 e-flex e-con-boxed e-con e-parent\" data-id=\"31bc335\" data-element_type=\"container\">\n\t\t\t\t\t<div class=\"e-con-inner\">\n\t\t\t\t<div class=\"elementor-element elementor-element-0861887 elementor-widget elementor-widget-heading\" data-id=\"0861887\" data-element_type=\"widget\" data-widget_type=\"heading.default\">\n\t\t\t\t<div class=\"elementor-widget-container\">\n\t\t\t\t\t<h2 class=\"elementor-heading-title elementor-size-default\">Galeria<\/h2>\t\t\t\t<\/div>\n\t\t\t\t<\/div>\n\t\t\t\t<div class=\"elementor-element elementor-element-a1c2335 elementor-widget elementor-widget-gallery\" data-id=\"a1c2335\" data-element_type=\"widget\" data-widget_type=\"gallery.default\">\n\t\t\t\t<div class=\"elementor-widget-container\">\n\t\t\t\t\t \t\t\t\t<\/div>\n\t\t\t\t<\/div>\n\t\t\t\t\t<\/div>\n\t\t\t\t<\/div>\n\t\t\t\t<\/div>\n\t\t","protected":false},"excerpt":{"rendered":"<p>Kucharz Bran\u017cowa Szko\u0142a \u2013 Kucharz jest kierunkiem dla os\u00f3b chc\u0105cych zdoby\u0107 wiedz\u0119 teoretyczn\u0105 i praktyczn\u0105 z gotowania a tak\u017ce przygotowa\u0107 si\u0119 do pracy w zak\u0142adach gastronomicznych. Zaj\u0119cia praktyczne uczniowie odbywaj\u0105 w nowoczesnej pracowni gastronomicznej jak r\u00f3wnie\u017c sto\u0142\u00f3wce szkolnej. Szko\u0142a jest o\u015brodkiem egzaminacyjnym w tym zawodzie. W Bran\u017cowej Szkole I stopnia &#8211; kucharz nauczysz si\u0119 smacznie [&hellip;]<\/p>\n","protected":false},"author":1,"featured_media":0,"parent":0,"menu_order":0,"comment_status":"closed","ping_status":"closed","template":"","meta":{"footnotes":""},"class_list":["post-2941","page","type-page","status-publish","hentry"],"_links":{"self":[{"href":"https:\/\/moszczanica.stronazen.pl\/index.php\/wp-json\/wp\/v2\/pages\/2941","targetHints":{"allow":["GET"]}}],"collection":[{"href":"https:\/\/moszczanica.stronazen.pl\/index.php\/wp-json\/wp\/v2\/pages"}],"about":[{"href":"https:\/\/moszczanica.stronazen.pl\/index.php\/wp-json\/wp\/v2\/types\/page"}],"author":[{"embeddable":true,"href":"https:\/\/moszczanica.stronazen.pl\/index.php\/wp-json\/wp\/v2\/users\/1"}],"replies":[{"embeddable":true,"href":"https:\/\/moszczanica.stronazen.pl\/index.php\/wp-json\/wp\/v2\/comments?post=2941"}],"version-history":[{"count":22,"href":"https:\/\/moszczanica.stronazen.pl\/index.php\/wp-json\/wp\/v2\/pages\/2941\/revisions"}],"predecessor-version":[{"id":4050,"href":"https:\/\/moszczanica.stronazen.pl\/index.php\/wp-json\/wp\/v2\/pages\/2941\/revisions\/4050"}],"wp:attachment":[{"href":"https:\/\/moszczanica.stronazen.pl\/index.php\/wp-json\/wp\/v2\/media?parent=2941"}],"curies":[{"name":"wp","href":"https:\/\/api.w.org\/{rel}","templated":true}]}}

<div data-elementor-type="wp-page" data-elementor-id="2941" class="elementor elementor-2941">
				<div class="elementor-element elementor-element-10a7d50 e-flex e-con-boxed e-con e-parent" data-id="10a7d50" data-element_type="container">
					<div class="e-con-inner">
				<div class="elementor-element elementor-element-c2f4565 elementor-widget elementor-widget-heading" data-id="c2f4565" data-element_type="widget" data-widget_type="heading.default">
				<div class="elementor-widget-container">
					<h2 class="elementor-heading-title elementor-size-default">Kucharz</h2>				</div>
				</div>
					</div>
				</div>
		<div class="elementor-element elementor-element-56146ad e-flex e-con-boxed e-con e-parent" data-id="56146ad" data-element_type="container">
					<div class="e-con-inner">
				<div class="elementor-element elementor-element-153faad elementor-widget__width-initial elementor-widget elementor-widget-text-editor" data-id="153faad" data-element_type="widget" data-widget_type="text-editor.default">
				<div class="elementor-widget-container">
									<p>Branżowa Szkoła – Kucharz jest kierunkiem dla osób chcących zdobyć wiedzę teoretyczną i praktyczną z gotowania a także przygotować się do pracy w zakładach gastronomicznych. Zajęcia praktyczne uczniowie odbywają w nowoczesnej pracowni gastronomicznej jak również stołówce szkolnej. Szkoła jest ośrodkiem egzaminacyjnym w tym zawodzie. W Branżowej Szkole I stopnia &#8211; kucharz nauczysz się smacznie i zdrowo przyrządzać potrawy w nowocześnie wyposażonej pracowni.<br /><br />Nauka trwa 3 lata i obejmuje kształcenie ogólne oraz kształcenia zawodowe. <br />Kwalifikacja: HGT.02. Przygotowanie i wydawanie dań <br /><br />Absolwent kształcenia w zawodzie kucharz powinien być przygotowany do wykonywania następujących zadań zawodowych: <br /> 1) przechowywania żywności; <br />2) sporządzania potraw i napojów; <br />3) wykonywania czynności związanych z ekspedycją potraw i napojów.</p>								</div>
				</div>
					</div>
				</div>
		<div class="elementor-element elementor-element-34363c1 e-flex e-con-boxed e-con e-parent" data-id="34363c1" data-element_type="container">
					<div class="e-con-inner">
				<div class="elementor-element elementor-element-7cfb832 elementor-widget elementor-widget-heading" data-id="7cfb832" data-element_type="widget" data-widget_type="heading.default">
				<div class="elementor-widget-container">
					<h2 class="elementor-heading-title elementor-size-default">Możliwości zatrudnienia</h2>				</div>
				</div>
				<div class="elementor-element elementor-element-c9b7625 elementor-widget__width-initial elementor-widget elementor-widget-text-editor" data-id="c9b7625" data-element_type="widget" data-widget_type="text-editor.default">
				<div class="elementor-widget-container">
									<li>restauracje,
<li>zakłady gastronomiczne,
<li>bary szybkiej obsługi,
<li>pensjonaty, domy wczasowe,
<li>restauracje na statkach i promach,
 szpitale, sanatoria, szkoły, internaty, stołówki prowadzone przez zakłady pracy,
<li>własna działalność gospodarcza.								</div>
				</div>
					</div>
				</div>
		<div class="elementor-element elementor-element-3bf69f2 e-flex e-con-boxed e-con e-parent" data-id="3bf69f2" data-element_type="container">
					<div class="e-con-inner">
		<div class="elementor-element elementor-element-cc2923a e-con-full e-flex e-con e-child" data-id="cc2923a" data-element_type="container">
				<div class="elementor-element elementor-element-eabbc8a elementor-widget__width-initial elementor-widget elementor-widget-image" data-id="eabbc8a" data-element_type="widget" data-widget_type="image.default">
				<div class="elementor-widget-container">
															<img decoding="async" width="100" height="100" src="https://moszczanica.stronazen.pl/wp-content/uploads/2025/06/2-2-1.png" class="attachment-large size-large wp-image-2946" alt="branżowe oddziały wojskowe" />															</div>
				</div>
				</div>
		<div class="elementor-element elementor-element-c0ec566 e-con-full e-flex e-con e-child" data-id="c0ec566" data-element_type="container">
				<div class="elementor-element elementor-element-bbb9c9a elementor-widget__width-initial elementor-widget elementor-widget-text-editor" data-id="bbb9c9a" data-element_type="widget" data-widget_type="text-editor.default">
				<div class="elementor-widget-container">
									<p>DODATKOWE KWLAIFIKACJE W RAMACH BRANŻOWYCH ODDZIAŁÓW WOJSKOWYCH DLA NASZYCH UCZNIÓW! <br />Minister Obrony Narodowej podjął decyzję o uruchomieniu pilotażowego projektu Branżowe <br />Oddziały Wojskowe (BOW). Szef MON włączył „branżówki” do projektów edukacyjnych resortu. To <br />już 4 projekt MON skierowany do szkół ponadpodstawowych. BOW dołączy do realizowanych już od wielu lat Oddziałów Przygotowania Wojskowego, Certyfikowanych Wojskowych Klas Mundurowych i „Cyber.Mil z klasą”. <br />Realizacja programu szkolenia w BOW stanowi uzupełnienie praktycznej nauki zawodu, <br />wynikającej z podstawy programowej dla danego kierunku kształcenia zawodowego. Już dziś <br />kucharze czy mechanicy po szkołach branżowych mają ogromne szanse na podjęcie służby wojskowej w Siłach Zbrojnych RP.</p>								</div>
				</div>
				</div>
					</div>
				</div>
		<div class="elementor-element elementor-element-31bc335 e-flex e-con-boxed e-con e-parent" data-id="31bc335" data-element_type="container">
					<div class="e-con-inner">
				<div class="elementor-element elementor-element-0861887 elementor-widget elementor-widget-heading" data-id="0861887" data-element_type="widget" data-widget_type="heading.default">
				<div class="elementor-widget-container">
					<h2 class="elementor-heading-title elementor-size-default">Galeria</h2>				</div>
				</div>
				<div class="elementor-element elementor-element-a1c2335 elementor-widget elementor-widget-gallery" data-id="a1c2335" data-element_type="widget" data-widget_type="gallery.default">
				<div class="elementor-widget-container">
					 				</div>
				</div>
					</div>
				</div>
				</div>

<p>Kucharz Branżowa Szkoła – Kucharz jest kierunkiem dla osób chcących zdobyć wiedzę teoretyczną i praktyczną z gotowania a także przygotować się do pracy w zakładach gastronomicznych. Zajęcia praktyczne uczniowie odbywają w nowoczesnej pracowni gastronomicznej jak również stołówce szkolnej. Szkoła jest ośrodkiem egzaminacyjnym w tym zawodzie. W Branżowej Szkole I stopnia &#8211; kucharz nauczysz się smacznie [&hellip;]</p>
