{"id":3794,"date":"2025-06-30T14:00:02","date_gmt":"2025-06-30T12:00:02","guid":{"rendered":"https:\/\/moszczanica.stronazen.pl\/?page_id=3794"},"modified":"2025-06-30T14:46:10","modified_gmt":"2025-06-30T12:46:10","slug":"lo-szkola-mistrzostwa-sportowego-kierunki-ksztalcenia","status":"publish","type":"page","link":"https:\/\/moszczanica.stronazen.pl\/index.php\/lo-szkola-mistrzostwa-sportowego-kierunki-ksztalcenia\/","title":{"rendered":"LO Szko\u0142a Mistrzostwa Sportowego &#8211; kierunki kszta\u0142cenia"},"content":{"rendered":"\t\t<div data-elementor-type=\"wp-page\" data-elementor-id=\"3794\" class=\"elementor elementor-3794\">\n\t\t\t\t<div class=\"elementor-element elementor-element-3f607fd e-flex e-con-boxed e-con e-parent\" data-id=\"3f607fd\" data-element_type=\"container\">\n\t\t\t\t\t<div class=\"e-con-inner\">\n\t\t\t\t<div class=\"elementor-element elementor-element-3f67f58 elementor-widget elementor-widget-heading\" data-id=\"3f67f58\" data-element_type=\"widget\" data-widget_type=\"heading.default\">\n\t\t\t\t<div class=\"elementor-widget-container\">\n\t\t\t\t\t<h2 class=\"elementor-heading-title elementor-size-default\">LO Szko\u0142a Mistrzostwa Sportowego - kierunki kszta\u0142cenia<\/h2>\t\t\t\t<\/div>\n\t\t\t\t<\/div>\n\t\t\t\t\t<\/div>\n\t\t\t\t<\/div>\n\t\t<div class=\"elementor-element elementor-element-07a0ccf e-con-full e-flex e-con e-parent\" data-id=\"07a0ccf\" data-element_type=\"container\">\n\t\t<div class=\"elementor-element elementor-element-f80b497 e-con-full e-flex e-con e-child\" data-id=\"f80b497\" data-element_type=\"container\" data-settings=\"{&quot;background_background&quot;:&quot;classic&quot;}\">\n\t\t\t\t<div class=\"elementor-element elementor-element-ba946a8 elementor-widget elementor-widget-heading\" data-id=\"ba946a8\" data-element_type=\"widget\" data-widget_type=\"heading.default\">\n\t\t\t\t<div class=\"elementor-widget-container\">\n\t\t\t\t\t<h2 class=\"elementor-heading-title elementor-size-default\">SZKO\u0141A MISTRZOSTWA SPORTOWEGO - BIATHLON<\/h2>\t\t\t\t<\/div>\n\t\t\t\t<\/div>\n\t\t\t\t<div class=\"elementor-element elementor-element-39b1d8f elementor-widget__width-initial elementor-widget elementor-widget-text-editor\" data-id=\"39b1d8f\" data-element_type=\"widget\" data-widget_type=\"text-editor.default\">\n\t\t\t\t<div class=\"elementor-widget-container\">\n\t\t\t\t\t\t\t\t\t<p>to kierunek dla m\u0142odzie\u017cy pragn\u0105cej rozwija\u0107 swoje zdolno\u015bci sportowe. Na zaj\u0119ciach dodatkowych uczniowie trenuj\u0105 jazd\u0119 na nartach biegowych oraz strzelaj\u0105 pod okiem do\u015bwiadczonych instruktor\u00f3w. Wielu z nich bierze udzia\u0142 w zawodach og\u00f3lnopolskich i mi\u0119dzynarodowych z ramienia Biathlonowego Ludowego Klubu Sportowego w \u017bywcu osi\u0105gaj\u0105c liczne sukcesy.<\/p>\t\t\t\t\t\t\t\t<\/div>\n\t\t\t\t<\/div>\n\t\t\t\t<div class=\"elementor-element elementor-element-a883ba5 elementor-widget elementor-widget-button\" data-id=\"a883ba5\" data-element_type=\"widget\" data-widget_type=\"button.default\">\n\t\t\t\t<div class=\"elementor-widget-container\">\n\t\t\t\t\t\t\t\t\t<div class=\"elementor-button-wrapper\">\n\t\t\t\t\t<a class=\"elementor-button elementor-button-link elementor-size-sm\" href=\"https:\/\/moszczanica.stronazen.pl\/index.php\/szkola-mistrzostwa-sportowego-biathlon\/\">\n\t\t\t\t\t\t<span class=\"elementor-button-content-wrapper\">\n\t\t\t\t\t\t\t\t\t<span class=\"elementor-button-text\">Zobacz wi\u0119cej<\/span>\n\t\t\t\t\t<\/span>\n\t\t\t\t\t<\/a>\n\t\t\t\t<\/div>\n\t\t\t\t\t\t\t\t<\/div>\n\t\t\t\t<\/div>\n\t\t\t\t<\/div>\n\t\t<div class=\"elementor-element elementor-element-97e7ca0 e-con-full e-flex e-con e-child\" data-id=\"97e7ca0\" data-element_type=\"container\" data-settings=\"{&quot;background_background&quot;:&quot;classic&quot;}\">\n\t\t\t\t<\/div>\n\t\t\t\t<\/div>\n\t\t<div class=\"elementor-element elementor-element-17542e8 e-con-full e-flex e-con e-parent\" data-id=\"17542e8\" data-element_type=\"container\">\n\t\t<div class=\"elementor-element elementor-element-78a487a e-con-full e-flex e-con e-child\" data-id=\"78a487a\" data-element_type=\"container\" data-settings=\"{&quot;background_background&quot;:&quot;classic&quot;}\">\n\t\t\t\t<\/div>\n\t\t<div class=\"elementor-element elementor-element-a00fed9 e-con-full e-flex e-con e-child\" data-id=\"a00fed9\" data-element_type=\"container\" data-settings=\"{&quot;background_background&quot;:&quot;classic&quot;}\">\n\t\t\t\t<div class=\"elementor-element elementor-element-e9aaf86 elementor-widget elementor-widget-heading\" data-id=\"e9aaf86\" data-element_type=\"widget\" data-widget_type=\"heading.default\">\n\t\t\t\t<div class=\"elementor-widget-container\">\n\t\t\t\t\t<h2 class=\"elementor-heading-title elementor-size-default\">SZKO\u0141A MISTRZOSTWA SPORTOWEGO - BOKS<\/h2>\t\t\t\t<\/div>\n\t\t\t\t<\/div>\n\t\t\t\t<div class=\"elementor-element elementor-element-5cf8e62 elementor-widget__width-initial elementor-widget elementor-widget-text-editor\" data-id=\"5cf8e62\" data-element_type=\"widget\" data-widget_type=\"text-editor.default\">\n\t\t\t\t<div class=\"elementor-widget-container\">\n\t\t\t\t\t\t\t\t\t<p>to kierunek dla m\u0142odzie\u017cy pragn\u0105cej rozwija\u0107 swoje zdolno\u015bci sportowe. Zaj\u0119cia z boksu prowadzone s\u0105 przez wykwalifikowan\u0105 kadr\u0119 trenersk\u0105.<\/p>\t\t\t\t\t\t\t\t<\/div>\n\t\t\t\t<\/div>\n\t\t\t\t<div class=\"elementor-element elementor-element-f7224c8 elementor-widget elementor-widget-button\" data-id=\"f7224c8\" data-element_type=\"widget\" data-widget_type=\"button.default\">\n\t\t\t\t<div class=\"elementor-widget-container\">\n\t\t\t\t\t\t\t\t\t<div class=\"elementor-button-wrapper\">\n\t\t\t\t\t<a class=\"elementor-button elementor-button-link elementor-size-sm\" href=\"https:\/\/moszczanica.stronazen.pl\/index.php\/szkola-mistrzostwa-sportowego-boks\/\">\n\t\t\t\t\t\t<span class=\"elementor-button-content-wrapper\">\n\t\t\t\t\t\t\t\t\t<span class=\"elementor-button-text\">Zobacz wi\u0119cej<\/span>\n\t\t\t\t\t<\/span>\n\t\t\t\t\t<\/a>\n\t\t\t\t<\/div>\n\t\t\t\t\t\t\t\t<\/div>\n\t\t\t\t<\/div>\n\t\t\t\t<\/div>\n\t\t\t\t<\/div>\n\t\t\t\t<\/div>\n\t\t","protected":false},"excerpt":{"rendered":"<p>LO Szko\u0142a Mistrzostwa Sportowego &#8211; kierunki kszta\u0142cenia SZKO\u0141A MISTRZOSTWA SPORTOWEGO &#8211; BIATHLON to kierunek dla m\u0142odzie\u017cy pragn\u0105cej rozwija\u0107 swoje zdolno\u015bci sportowe. Na zaj\u0119ciach dodatkowych uczniowie trenuj\u0105 jazd\u0119 na nartach biegowych oraz strzelaj\u0105 pod okiem do\u015bwiadczonych instruktor\u00f3w. Wielu z nich bierze udzia\u0142 w zawodach og\u00f3lnopolskich i mi\u0119dzynarodowych z ramienia Biathlonowego Ludowego Klubu Sportowego w \u017bywcu osi\u0105gaj\u0105c [&hellip;]<\/p>\n","protected":false},"author":1,"featured_media":0,"parent":0,"menu_order":0,"comment_status":"closed","ping_status":"closed","template":"","meta":{"footnotes":""},"class_list":["post-3794","page","type-page","status-publish","hentry"],"_links":{"self":[{"href":"https:\/\/moszczanica.stronazen.pl\/index.php\/wp-json\/wp\/v2\/pages\/3794","targetHints":{"allow":["GET"]}}],"collection":[{"href":"https:\/\/moszczanica.stronazen.pl\/index.php\/wp-json\/wp\/v2\/pages"}],"about":[{"href":"https:\/\/moszczanica.stronazen.pl\/index.php\/wp-json\/wp\/v2\/types\/page"}],"author":[{"embeddable":true,"href":"https:\/\/moszczanica.stronazen.pl\/index.php\/wp-json\/wp\/v2\/users\/1"}],"replies":[{"embeddable":true,"href":"https:\/\/moszczanica.stronazen.pl\/index.php\/wp-json\/wp\/v2\/comments?post=3794"}],"version-history":[{"count":19,"href":"https:\/\/moszczanica.stronazen.pl\/index.php\/wp-json\/wp\/v2\/pages\/3794\/revisions"}],"predecessor-version":[{"id":3935,"href":"https:\/\/moszczanica.stronazen.pl\/index.php\/wp-json\/wp\/v2\/pages\/3794\/revisions\/3935"}],"wp:attachment":[{"href":"https:\/\/moszczanica.stronazen.pl\/index.php\/wp-json\/wp\/v2\/media?parent=3794"}],"curies":[{"name":"wp","href":"https:\/\/api.w.org\/{rel}","templated":true}]}}