{"id":3795,"date":"2025-06-30T14:01:02","date_gmt":"2025-06-30T12:01:02","guid":{"rendered":"https:\/\/moszczanica.stronazen.pl\/?page_id=3795"},"modified":"2025-06-30T14:49:54","modified_gmt":"2025-06-30T12:49:54","slug":"technikum-nr-6-kierunki-ksztalcenia","status":"publish","type":"page","link":"https:\/\/moszczanica.stronazen.pl\/index.php\/technikum-nr-6-kierunki-ksztalcenia\/","title":{"rendered":"Technikum nr 6 &#8211; kierunki kszta\u0142cenia"},"content":{"rendered":"\t\t<div data-elementor-type=\"wp-page\" data-elementor-id=\"3795\" class=\"elementor elementor-3795\">\n\t\t\t\t<div class=\"elementor-element elementor-element-b964865 e-flex e-con-boxed e-con e-parent\" data-id=\"b964865\" data-element_type=\"container\">\n\t\t\t\t\t<div class=\"e-con-inner\">\n\t\t\t\t<div class=\"elementor-element elementor-element-c45814e elementor-widget elementor-widget-heading\" data-id=\"c45814e\" data-element_type=\"widget\" data-widget_type=\"heading.default\">\n\t\t\t\t<div class=\"elementor-widget-container\">\n\t\t\t\t\t<h2 class=\"elementor-heading-title elementor-size-default\">Technikum nr 6 - kierunki kszta\u0142cenia<\/h2>\t\t\t\t<\/div>\n\t\t\t\t<\/div>\n\t\t\t\t\t<\/div>\n\t\t\t\t<\/div>\n\t\t<div class=\"elementor-element elementor-element-a127ad1 e-con-full e-flex e-con e-parent\" data-id=\"a127ad1\" data-element_type=\"container\">\n\t\t<div class=\"elementor-element elementor-element-818a299 e-con-full e-flex e-con e-child\" data-id=\"818a299\" data-element_type=\"container\" data-settings=\"{&quot;background_background&quot;:&quot;classic&quot;}\">\n\t\t\t\t<div class=\"elementor-element elementor-element-892a215 elementor-widget elementor-widget-heading\" data-id=\"892a215\" data-element_type=\"widget\" data-widget_type=\"heading.default\">\n\t\t\t\t<div class=\"elementor-widget-container\">\n\t\t\t\t\t<h2 class=\"elementor-heading-title elementor-size-default\">TECHNIK HOTELARSTWA<\/h2>\t\t\t\t<\/div>\n\t\t\t\t<\/div>\n\t\t\t\t<div class=\"elementor-element elementor-element-ad9d6f4 elementor-widget__width-initial elementor-widget elementor-widget-text-editor\" data-id=\"ad9d6f4\" data-element_type=\"widget\" data-widget_type=\"text-editor.default\">\n\t\t\t\t<div class=\"elementor-widget-container\">\n\t\t\t\t\t\t\t\t\t<p>przygotowuje m\u0142odzie\u017c do kompleksowej obs\u0142ugi go\u015bci w hotelu, sprzeda\u017cy us\u0142ug hotelarskich online jak i prowadzenia obiekt\u00f3w hotelarskich. Swoje umiej\u0119tno\u015bci praktyczne szlifuj\u0105 w nowoczesnej pracowni hotelarsko- informatycznej a tak\u017ce firmie symulacyjnej Hoteliku Pod D\u0119bem z profesjonalnym zapleczem hotelowym.<\/p>\t\t\t\t\t\t\t\t<\/div>\n\t\t\t\t<\/div>\n\t\t\t\t<div class=\"elementor-element elementor-element-fdeb7db elementor-widget elementor-widget-button\" data-id=\"fdeb7db\" data-element_type=\"widget\" data-widget_type=\"button.default\">\n\t\t\t\t<div class=\"elementor-widget-container\">\n\t\t\t\t\t\t\t\t\t<div class=\"elementor-button-wrapper\">\n\t\t\t\t\t<a class=\"elementor-button elementor-button-link elementor-size-sm\" href=\"https:\/\/moszczanica.stronazen.pl\/index.php\/technik-hotelarstwa\/\">\n\t\t\t\t\t\t<span class=\"elementor-button-content-wrapper\">\n\t\t\t\t\t\t\t\t\t<span class=\"elementor-button-text\">Zobacz wi\u0119cej<\/span>\n\t\t\t\t\t<\/span>\n\t\t\t\t\t<\/a>\n\t\t\t\t<\/div>\n\t\t\t\t\t\t\t\t<\/div>\n\t\t\t\t<\/div>\n\t\t\t\t<\/div>\n\t\t<div class=\"elementor-element elementor-element-7595a84 e-con-full e-flex e-con e-child\" data-id=\"7595a84\" data-element_type=\"container\" data-settings=\"{&quot;background_background&quot;:&quot;classic&quot;}\">\n\t\t\t\t<\/div>\n\t\t\t\t<\/div>\n\t\t<div class=\"elementor-element elementor-element-36b7caf e-con-full e-flex e-con e-parent\" data-id=\"36b7caf\" data-element_type=\"container\">\n\t\t<div class=\"elementor-element elementor-element-40ce509 e-con-full e-flex e-con e-child\" data-id=\"40ce509\" data-element_type=\"container\" data-settings=\"{&quot;background_background&quot;:&quot;classic&quot;}\">\n\t\t\t\t<\/div>\n\t\t<div class=\"elementor-element elementor-element-b1d4a38 e-con-full e-flex e-con e-child\" data-id=\"b1d4a38\" data-element_type=\"container\" data-settings=\"{&quot;background_background&quot;:&quot;classic&quot;}\">\n\t\t\t\t<div class=\"elementor-element elementor-element-091d0df elementor-widget elementor-widget-heading\" data-id=\"091d0df\" data-element_type=\"widget\" data-widget_type=\"heading.default\">\n\t\t\t\t<div class=\"elementor-widget-container\">\n\t\t\t\t\t<h2 class=\"elementor-heading-title elementor-size-default\">TECHNIK HODOWCA KONI<\/h2>\t\t\t\t<\/div>\n\t\t\t\t<\/div>\n\t\t\t\t<div class=\"elementor-element elementor-element-169c915 elementor-widget__width-initial elementor-widget elementor-widget-text-editor\" data-id=\"169c915\" data-element_type=\"widget\" data-widget_type=\"text-editor.default\">\n\t\t\t\t<div class=\"elementor-widget-container\">\n\t\t\t\t\t\t\t\t\t<p>to kierunek, kt\u00f3ry daje kwalifikacje do pracy w o\u015brodkach je\u017adzieckich, stadninach oraz prowadzenia w\u0142asnego o\u015brodka je\u017adzieckiego. Uczniowie nabywaj\u0105 wiedz\u0119 z organizacji prowadzenia chowu i hodowli koni oraz zasad u\u017cytkowania wierzchowego i zaprz\u0119gowego. W\u0142asna stadnina koni, nowoczesny parkur, uje\u017cd\u017calnia oraz bogata dzia\u0142alno\u015b\u0107 Szkolonego Klubu Je\u017adzieckiego Kasztanka pozwala perfekcyjnie przygotowa\u0107 m\u0142odzie\u017c do tego zawodu.<\/p>\t\t\t\t\t\t\t\t<\/div>\n\t\t\t\t<\/div>\n\t\t\t\t<div class=\"elementor-element elementor-element-012abe3 elementor-widget elementor-widget-button\" data-id=\"012abe3\" data-element_type=\"widget\" data-widget_type=\"button.default\">\n\t\t\t\t<div class=\"elementor-widget-container\">\n\t\t\t\t\t\t\t\t\t<div class=\"elementor-button-wrapper\">\n\t\t\t\t\t<a class=\"elementor-button elementor-button-link elementor-size-sm\" href=\"https:\/\/moszczanica.stronazen.pl\/index.php\/technik-hodowca-koni\/\">\n\t\t\t\t\t\t<span class=\"elementor-button-content-wrapper\">\n\t\t\t\t\t\t\t\t\t<span class=\"elementor-button-text\">Zobacz wi\u0119cej<\/span>\n\t\t\t\t\t<\/span>\n\t\t\t\t\t<\/a>\n\t\t\t\t<\/div>\n\t\t\t\t\t\t\t\t<\/div>\n\t\t\t\t<\/div>\n\t\t\t\t<\/div>\n\t\t\t\t<\/div>\n\t\t\t\t<\/div>\n\t\t","protected":false},"excerpt":{"rendered":"<p>Technikum nr 6 &#8211; kierunki kszta\u0142cenia TECHNIK HOTELARSTWA przygotowuje m\u0142odzie\u017c do kompleksowej obs\u0142ugi go\u015bci w hotelu, sprzeda\u017cy us\u0142ug hotelarskich online jak i prowadzenia obiekt\u00f3w hotelarskich. Swoje umiej\u0119tno\u015bci praktyczne szlifuj\u0105 w nowoczesnej pracowni hotelarsko- informatycznej a tak\u017ce firmie symulacyjnej Hoteliku Pod D\u0119bem z profesjonalnym zapleczem hotelowym. Zobacz wi\u0119cej TECHNIK HODOWCA KONI to kierunek, kt\u00f3ry daje kwalifikacje [&hellip;]<\/p>\n","protected":false},"author":1,"featured_media":0,"parent":0,"menu_order":0,"comment_status":"closed","ping_status":"closed","template":"","meta":{"footnotes":""},"class_list":["post-3795","page","type-page","status-publish","hentry"],"_links":{"self":[{"href":"https:\/\/moszczanica.stronazen.pl\/index.php\/wp-json\/wp\/v2\/pages\/3795","targetHints":{"allow":["GET"]}}],"collection":[{"href":"https:\/\/moszczanica.stronazen.pl\/index.php\/wp-json\/wp\/v2\/pages"}],"about":[{"href":"https:\/\/moszczanica.stronazen.pl\/index.php\/wp-json\/wp\/v2\/types\/page"}],"author":[{"embeddable":true,"href":"https:\/\/moszczanica.stronazen.pl\/index.php\/wp-json\/wp\/v2\/users\/1"}],"replies":[{"embeddable":true,"href":"https:\/\/moszczanica.stronazen.pl\/index.php\/wp-json\/wp\/v2\/comments?post=3795"}],"version-history":[{"count":25,"href":"https:\/\/moszczanica.stronazen.pl\/index.php\/wp-json\/wp\/v2\/pages\/3795\/revisions"}],"predecessor-version":[{"id":3956,"href":"https:\/\/moszczanica.stronazen.pl\/index.php\/wp-json\/wp\/v2\/pages\/3795\/revisions\/3956"}],"wp:attachment":[{"href":"https:\/\/moszczanica.stronazen.pl\/index.php\/wp-json\/wp\/v2\/media?parent=3795"}],"curies":[{"name":"wp","href":"https:\/\/api.w.org\/{rel}","templated":true}]}}